sor of 15 and s?
15
Let r = 33 - 21. What is the greatest common factor of 4 and r?
4
Let y(o) = 12*o + 45. Let a be y(5). Calculate the greatest common divisor of a and 15.
15
Let j be 10 + -10 + 54 + 1. Suppose y = 6*y - j. What is the greatest common factor of 11 and y?
11
Let r be (-16)/(-104) - (-37)/13. What is the highest common divisor of 12 and r?
3
Suppose -5*l = -3*m + 31, -l - 4*m + 33 = -6*l. Let n = 11 - l. What is the greatest common factor of 2 and n?
2
Let c(g) = g**3 - 24*g**2 - g + 27. Let w be c(24). Calculate the greatest common factor of 27 and w.
3
Suppose 4*a = 24 + 116. Let h = a - 14. What is the greatest common factor of 7 and h?
7
Let t = 105 - 65. Let f be 13/(2 - 1)*1. Suppose -19 - f = -4*m. What is the greatest common factor of t and m?
8
Let h = -7 + 7. Suppose 5*t - 10 = h, 0*q + 5*t = 2*q. Suppose -4*s + q = s. What is the greatest common factor of 7 and s?
1
Suppose 17 - 287 = -10*l. What is the highest common divisor of 135 and l?
27
Let p(n) = 6*n + 1. Let a(v) = v**2 + v - 3. Let y be a(-3). Let g be p(y). What is the greatest common factor of 76 and g?
19
Let y(f) = -8*f**2 - 5*f + 2. Let k be y(4). Let q = -25 - k. Calculate the highest common factor of q and 11.
11
Let j(o) = 2*o**2 + 10*o - 12. Let n be 1*3 - 35/7. Let l be (32/(-6) - n)*3. Let y be j(l). What is the highest common factor of 11 and y?
11
Suppose -r + 9*r - 1368 = 0. What is the highest common divisor of 19 and r?
19
Suppose 0 = 2*n + f - 14, -5*n = f - 2 - 27. Suppose -n*o + o + 4 = 0. Let k be -1 + 13 - (o - 3). What is the greatest common factor of k and 42?
14
Let p be 21*((-7)/(-3) + -2). Suppose q - t = 3*t + p, q - 3*t = 7. What is the greatest common factor of q and 42?
7
Let l = 3 - 6. Let g(h) be the second derivative of -5*h**3/3 - 2*h**2 - 3*h. Let k be g(l). What is the highest common divisor of 65 and k?
13
Let g(f) = f - 13. Let x be g(16). Let t be 0 + 4/(8/6). Suppose t + 0 = x*l. What is the greatest common factor of l and 9?
1
Suppose 2*m - 32 = 5*d, -5*m + 0*d = -5*d - 65. What is the greatest common divisor of 88 and m?
11
Let f = -49 + 107. Suppose -2*u = -3*g + 119, 2*g + 3*u = -u + f. Let d = g - 26. Calculate the greatest common factor of 22 and d.
11
Let f be ((-2)/4)/(6/(-12)). Let q = f + 4. Let i = -62 - -87. What is the greatest common divisor of i and q?
5
Let s = -45 - -60. Calculate the greatest common factor of 15 and s.
15
Let w(x) = 28*x + 1. Let l be w(-2). Let m = l - -110. Let s be m*-1*2/(-5). What is the highest common factor of 33 and s?
11
Suppose -1 - 2 = q. Let m be 4 - (-1)/q*3. Suppose 0 = -m*w + w + 40. What is the greatest common divisor of w and 4?
4
Let k be ((-7)/(-3))/(((-32)/132)/(-8)). Let l = 22 - 11. Calculate the greatest common factor of k and l.
11
Let y(m) = -11*m + 3. Let b be y(-3). Calculate the greatest common factor of 324 and b.
36
Let a(n) = -n**3 + 6*n**2 - 6*n + 5. Let d be a(5). Let s be (d - 1)/((-4)/28). Calculate the highest common divisor of s and 14.
7
Suppose -6 = 3*v - g, 9*v - 4*v + 10 = 5*g. Let l be -6*(3/6 + v). Let f(s) = 3*s - 9. Let d be f(6). Calculate the greatest common factor of d and l.
9
Let n = -58 + 100. What is the highest common factor of 14 and n?
14
Suppose 13 = 4*s - b + 1, s - b = 0. Let d be 70/22 + s/(-22). What is the greatest common divisor of 6 and d?
3
Let r = -195 - -285. Let s be ((-60)/7)/((-4)/56). Let b be ((-36)/15)/((-8)/s). Calculate the greatest common factor of r and b.
18
Suppose 21 = x + 6. Suppose 4*d + 4*q - 418 = 3*q, 0 = -q - 2. Calculate the greatest common factor of x and d.
15
Let z be 11/((3/(-42))/(-1)). Let i be 42/8*(-1)/6*-16. What is the highest common factor of i and z?
14
Suppose -1 + 6 = 5*s. Let m = s + 2. Suppose 5*q - 2 - m = k, -3*q + 1 = -k. Calculate the greatest common divisor of k and 2.
1
Let y be ((2 - 1) + -2)/(3/(-24)). Suppose x = 1 + 11. Calculate the greatest common factor of y and x.
4
Suppose x + 2*a + 0*a - 12 = 0, 2*x - 3*a = -4. Calculate the greatest common divisor of 44 and x.
4
Let x be (-138)/(-1) + 2 + 0/(-1). What is the greatest common divisor of 20 and x?
20
Suppose 3*y + o - 2 = -3*o, 0 = 5*y + 4*o - 6. Suppose -y*q = -q - 2*j - 20, -4*j = -3*q + 50. Calculate the greatest common divisor of 110 and q.
10
Suppose -15 = 6*l - 3. Suppose 0 = 2*n - 5*j - 3, 0*j + 4 = -5*n + j. Let p be 555/10 - n/l. Calculate the greatest common divisor of 11 and p.
11
Suppose 4*v - v + 36 = 0. Let r be ((-88)/v)/((-4)/(-6)). What is the greatest common factor of 11 and r?
11
Let q(f) = 6*f - 30. Let w be q(15). Calculate the greatest common factor of w and 6.
6
Suppose -7*i + 3*i - 2*n + 86 = 0, -3*n - 69 = -3*i. Calculate the greatest common divisor of i and 66.
22
Let l = -1 - -3. Suppose g - l*g = -7. Suppose -3*z = -g*z + 8. What is the greatest common divisor of z and 8?
2
Let w = 51 + 68. What is the highest common divisor of 17 and w?
17
Let i = -282 - -469. What is the highest common factor of 11 and i?
11
Let m be (30/(-9))/((-7)/168). Suppose 0 = r - 4*b + 2*b - 20, 4*b + m = 4*r. Calculate the highest common divisor of 140 and r.
20
Suppose -4*u = -7*u + 15, -u - 43 = -3*x. Let o be 21*(-4)/(-12) + -4. Suppose -o*k = -2*k - x. Calculate the highest common divisor of 48 and k.
16
Let w be -2 - 1 - 240/(-16). Calculate the greatest common factor of w and 6.
6
Let d be (-1 - (-63)/(-6))*8. Let w = -53 - d. What is the greatest common divisor of w and 26?
13
Let b be (5/4)/((-2)/(-88)). What is the greatest common factor of b and 11?
11
Let u be (25 - 29)/(-1*2). What is the highest common factor of u and 14?
2
Suppose -3*p + 2*c + 5 = 0, 0 = 5*p + 4*c - 37 + 14. Let o be -1 - (-44)/(4 + -2). Calculate the highest common factor of o and p.
3
Suppose 30 = m + 4*w, 2*w - 6 = -0*w. Let g be (2 - 1)*1*2. Suppose -m = -k - g*l + 24, l - 146 = -3*k. Calculate the greatest common divisor of k and 10.
10
Let v = 16 + 8. Let a = 29 - 21. Calculate the highest common factor of a and v.
8
Let c = 24 - 11. Suppose -6 = 6*b - 162. What is the greatest common divisor of c and b?
13
Let u = -13 - -15. Suppose -a - 5*p + 69 = 0, -p = 5*a - 3*p - 210. Suppose -w + a = w. Calculate the greatest common divisor of w and u.
2
Suppose 5*c + 2*h - 251 = -25, 5*h = -4*c + 191. Suppose -3*g = 40 - 370. What is the highest common factor of c and g?
22
Suppose -34 - 71 = -5*u. Calculate the greatest common factor of 21 and u.
21
Let m(x) = -x**3 + 5*x**2 - 4*x + 4. Let o be m(4). Let p = 10 + -9. What is the greatest common factor of o and p?
1
Suppose 0*x = 2*r - 3*x - 7, 5*x + 20 = 5*r. Suppose r*u + 4*i = 55, 3*i - 33 = -3*u - 0*i. Calculate the highest common divisor of u and 33.
11
Suppose 2*j + 10 = 3*j. Suppose -r - 78 = -b, -4*r + 55 = b - 33. Calculate the greatest common factor of b and j.
10
Let r(o) = 4*o**2 - 14*o + 15. Let l(y) = -y**2 + y - 1. Let z(d) = -3*l(d) - r(d). Let b be z(8). What is the highest common divisor of b and 84?
12
Let w(x) = -x**3 - 6*x**2 - x - 3. Let o be w(-6). Suppose -2 = o*q - 23. Calculate the highest common factor of 14 and q.
7
Suppose -x + 0*x = 2*h - 70, 4*x - 3*h = 269. Calculate the greatest common divisor of 34 and x.
34
Let m = 151 + -223. Let t = m - -216. Calculate the greatest common divisor of t and 18.
18
Let r be -4*(-2)/(-4) - -82. Suppose 8*z - 160 = 3*z. Calculate the greatest common factor of z and r.
16
Let k = 37 + 67. Let c = 32 - 19. What is the greatest common factor of k and c?
13
Let i = -240 - -342. Let w be i - (-2)/(-4)*6. Calculate the highest common factor of 11 and w.
11
Suppose -u + 1 = -2*m, -4*u + 30 = -2*u + 3*m. Let z(i) = -i**3 + 8*i**2 + 12*i - 11. Let y be z(u). What is the greatest common divisor of y and 24?
8
Suppose -1 - 3 = -y. Let l be 1/y - (-790)/8. Calculate the highest common divisor of 11 and l.
11
Suppose -3*u - 2*n - 33 = 0, 0 = -u - 3*u - 2*n - 42. Let a be (-2)/u - 50/(-18). Let x = 162 + -135. Calculate the highest common factor of x and a.
3
Let f(t) = 13*t**3 - 3*t**2 - 2*t - 2. Let w be f(-2). Let r = -223 - w. Let n = -64 - r. What is the highest common factor of 5 and n?
5
Let m(g) = -g**2 - 6*g - 5. Let c be (-1*1)/(1/5). Let y be m(c). Let o = 2 + y. Calculate the highest common divisor of 4 and o.
2
Let i b